 Is (-4)/(-1) + (l - -80) prime?
True
Is 132/(-11) - -14 - (-128097)/1 a composite number?
False
Let u(c) be the first derivative of 67*c**2/2 + 10*c - 2. Let z be u(2). Is z - 4/(-12)*3 prime?
False
Let s be (1 - -1)*15/40*4. Suppose 0 = 3*t - s, 3*m + 0*m - 3*t = 0. Is 343 + -2 + 4 + m a prime number?
False
Let z = -590820 + 1076933. Is z a prime number?
False
Let j(i) = 9*i**2 - 8*i - 20. Suppose -83 = -3*g - 125. Let r be (-1)/(-1) + -2 - g. Is j(r) prime?
False
Let k(v) = -4*v**3 - 320*v**2 + 11*v - 50. Is k(-85) a composite number?
True
Let s(v) = 33*v + 12. Let p(f) = -f**2 + 20*f + 52. Let c be p(22). Let w be (30/c + -4)*-12. Is s(w) composite?
True
Let d be 3 + 3 + 2 + -1. Suppose d*u + 389 = n + 3*u, -5*n + 1915 = -5*u. Is n a composite number?
True
Suppose w + 2*w = 5*h + 136136, w = 3*h + 45380. Is w prime?
True
Let s = -259 - -264. Suppose -2*c - s*k - 169 = -3*c, -4*c = -2*k - 604. Is c prime?
True
Let s = -2144 + 11532. Suppose 0 = -l + s - 3229. Is l a composite number?
True
Let b(s) = 4*s**3 - 27*s**2 + 21*s - 16. Let x be b(6). Let g(h) = 15*h**2. Let q be g(-6). Suppose x*y - q = 1858. Is y a prime number?
False
Suppose 11*k - 8 = -74. Let o(z) = 471*z + 8. Let h be o(k). Let x = h + 5333. Is x prime?
False
Suppose p = 3*a - 55905, 5*a - 124886 = 2*p - 31713. Is a a prime number?
True
Let w = 8 + -7. Let i(z) = -z**3 + z**2 + z + 1. Let j(a) = 60*a**3 + 5*a**2 + 15. Let f(m) = w*j(m) - 6*i(m). Is f(2) composite?
False
Suppose -14*h + 5879939 + 387105 = 0. Is h a composite number?
True
Let m(d) = -38*d**3 - 11*d**2 + 38*d + 295. Is m(-8) composite?
False
Let q be 1*(1 - 769 - 1). Let n be (261/12)/((-42)/(-2912)). Let i = q + n. Is i prime?
True
Suppose 198 = -38*r - 68. Let n(o) = -22*o**3 + 3*o**2 - 4*o - 10. Is n(r) composite?
True
Suppose -11*x = -3*x - 3984. Suppose -945 = -13*y + x. Is y prime?
False
Let x be (-3)/6 - 33/(-6). Suppose 0 = -3*k - x*b + 31, -3*b = -5*k - b + 93. Suppose k*l - 3786 = 11395. Is l prime?
False
Let g = 654 + -147. Suppose 0 = -k + 2*h + 2307, -k + g = -4*h - 1798. Is k a composite number?
False
Suppose 5*s - 23 = -2*y, 4*y + 4*s = s + 39. Suppose 0 = -4*p - 7*w + y*w + 56402, 5*w - 42308 = -3*p. Is p a composite number?
True
Let v(s) = -114*s**2 - 7. Let o(g) = -229*g**2 - g - 14. Let a(n) = -4*o(n) + 7*v(n). Let p be a(4). Suppose -2*q = -p - 1035. Is q composite?
True
Let m = 240157 - 136040. Is m prime?
False
Suppose -6*q + w = -q - 51249, -3*q = -5*w - 30767. Let i = q - 4658. Is i composite?
False
Suppose -8*l - 3*n = -4*l + 189296, -2*n + 189316 = -4*l. Let z = l + 70782. Is z composite?
True
Let q(z) be the first derivative of -z**3 - 5*z**2 + 12*z - 14. Let w be q(7). Let f = -146 - w. Is f a composite number?
False
Suppose 3*r + 7 = 5*k - 6, -18 = -2*r - 2*k. Suppose 5*j - 8777 = -r*m, 0*j - 3491 = -2*j + 5*m. Is j a prime number?
True
Let u be (1241 - -2) + 3*24/18. Suppose 0 = 4*o + 2*y - 5000, -o + 5*y - 4*y + u = 0. Is o composite?
False
Let g = -19 + 17. Is (5606 - -15) + (0 - g/1) a composite number?
False
Is 11844429/95*(-5)/(-3) prime?
True
Suppose 15 = -5*i, 4*i = 2*b + 775 - 139. Let f(l) = 37*l**3 + 3*l - 1. Let u be f(3). Let d = u + b. Is d a composite number?
False
Is (-663010)/(-70)*((-1)/(-1) + 6) composite?
False
Let h(v) = -v**2 - 10*v - 13. Let z be h(-8). Suppose -4*i + 4*c - 5040 = 0, -4*c + z*c = 2*i + 2523. Let o = i + 2643. Is o a prime number?
False
Let g be ((-1562)/(-8) - 3/12) + 1. Let w = 171 + g. Suppose 10*i - w = 463. Is i a composite number?
False
Let g(j) = -21*j - 104. Let m be g(-5). Is 3 - 1/(m/(-103)) a composite number?
True
Let m = -70 + 54. Let d = 16 + m. Let o(j) = j**3 - j**2 + j + 202. Is o(d) a composite number?
True
Suppose 5*r = 7*b - 11*b + 394362, -3*r - 7*b + 236585 = 0. Is r a prime number?
False
Suppose -2*x = -5*n + 1 - 0, -5*n = -4*x + 23. Let t be -1*4/(-1) - (-14 + x). Suppose 5*d + 5*o - t*o = 9847, d - 2*o = 1973. Is d a composite number?
True
Let m(n) = 602*n**2 - 11*n - 63. Let j(i) = -32*i - 228. Let u be j(-7). Is m(u) a prime number?
True
Suppose 3193762 = 151*p - 118*p + 315205. Is p prime?
False
Suppose 2*k + n = -122, k - 5*n + 38 + 45 = 0. Is (-44720)/(-14) + (774/k - -12) prime?
False
Is (-6)/96*8*-192754 prime?
True
Suppose -2*o + 191792 + 1066535 = 5*b, -1258300 = -2*o - 2*b. Is o a prime number?
False
Let z be -25*((-4)/(-4) + -2). Suppose -36*d = -z*d - 109615. Is d a composite number?
True
Let c(j) = j - 25. Let r be c(-2). Is (r/(-4) - 2)/((-2)/(-328)) composite?
True
Suppose 129*z - 30893759 = -3283431 + 24424789. Is z composite?
True
Suppose 200523 = -51*v + 54*v - 3*f, 3*f = -5*v + 334205. Is v a composite number?
False
Let d = -39 + 44. Let u be (d + -2)*6/2. Let w(q) = 106*q - 47. Is w(u) prime?
True
Let o = -10144 - -6307. Let h = -2339 - o. Let t = 3219 - h. Is t a prime number?
True
Suppose 773*t + 906437 = 780*t. Is t a composite number?
False
Let h(r) = -2*r + 9. Let u be h(-4). Let v = 21 - u. Suppose -v*t + 5*a + 987 = 0, 0 = -4*a + a + 15. Is t a composite number?
True
Suppose 4 = -6*p + 52. Let t be (-73)/(-15) + p/60. Suppose -3*c - 760 = -v, -t*c - 8 = 7. Is v a prime number?
True
Let y(f) = 3*f - 47. Let x be y(19). Suppose 0 = x*q - 7*q. Is q + 1 + (-14 - -278) prime?
False
Let x = -27 - -29. Suppose 0*n + 161 = x*a - n, 2*a = -3*n + 165. Suppose 0 = 5*k + h - a - 82, -2*k = -h - 68. Is k a composite number?
True
Suppose 28*b - 889451 = 635961. Is b composite?
True
Suppose -1349*h + k + 91159 = -1348*h, 4*h = -2*k + 364636. Is h prime?
True
Let y(x) = -x**3 + 6*x**2 + 6*x + 12. Let n be y(7). Suppose 4*t + u = 2*t + 607, -n*t - 3*u + 1517 = 0. Is ((-17)/(-2))/(8/t) a prime number?
False
Let g be ((-2)/4)/(3 - 618/204). Suppose -g*p = -8*p - 5769. Is p a composite number?
False
Suppose 10*s + 76745 = 304795. Suppose 2*z + b - 3*b - 9128 = 0, -5*z + s = -2*b. Is z a composite number?
True
Let p = -13 - -34. Suppose 0*v + 57561 = p*v. Is v a prime number?
True
Suppose 2*r - c - 320263 = 0, 475*r + 320253 = 477*r + c. Is r a composite number?
True
Let y = -84 - -80. Let x(o) = -407*o + 7. Let k be x(y). Let u = -844 + k. Is u prime?
False
Let t be ((-182)/21 + 8)/(1/339). Let u = 411 + t. Is u composite?
True
Let n = 2 + -2. Suppose -2*g - a = 180, 85 = -n*g - g + 2*a. Is ((-12)/3 - -3)*g composite?
False
Let w(b) = -112*b - 7. Let y(q) = -q**2 + 6*q + 5. Let x be y(7). Let s(a) = -561*a - 34. Let i(k) = x*s(k) + 11*w(k). Is i(-4) prime?
True
Suppose 0 = -2*h + 4*k + 8, 3*h - 2 + 0 = k. Suppose b + h*o = -2*o + 9, -1 = -b + 2*o. Suppose -l + 2*v = -53, v - 10 + 275 = b*l. Is l prime?
True
Let r(b) = -1434*b**2 + 4*b - 45. Let j(y) = -287*y**2 + y - 9. Let a(p) = -11*j(p) + 2*r(p). Is a(4) composite?
False
Suppose 239 = -3*v - 1306. Let m be (-745)/(11/(198/(-15))). Let p = v + m. Is p a prime number?
True
Let o(h) = 2*h**3 + 38*h**2 - 2*h - 39. Let u be o(-19). Is ((-21)/(-18))/(u/(-222)) a prime number?
False
Let x = 12974 + 952. Let c = 26441 - x. Is c prime?
False
Is (-4536234)/4*(-236)/354 a prime number?
False
Suppose 159*c - 63220399 = -111*c + 83*c. Is c prime?
False
Let k(u) = 2138*u**2 - 53*u + 493. Is k(6) a prime number?
False
Suppose 83*w = 432*w - 15295412 - 18647979. Is w composite?
False
Suppose 0 = 5*a - 2*z - 1887207, -4*a - 177*z + 1509764 = -179*z. Is a a composite number?
True
Let q be (-114)/(-22) - 6/33. Is 4203 + (-9)/6 + q/(-10) prime?
True
Let l be 2549337/(-459) + 2/18. Is 34/119 + l/(-14) a composite number?
False
Is 31/93 - (6323442/(-9) - (3 + -1)) a prime number?
True
Let o = 132 + -120. Let a be (-2 + o)/(7/252). Let f = a - -302. Is f composite?
True
Let l = -83944 - -422571. Is l a composite number?
True
Let g be (-7)/49 + (-148845)/21. Let s = -3301 - g. Is s composite?
True
Let h(w) = 6*w + 153. Let x be h(-25). Suppose -x*t - 37862 = -4*n - 1530, -3*n + 27249 = 5*t. Is n a prime number?
False
Let c(b) = -b + 1. Let g be c(1). Suppose r - 113 - 460 = g. Let s = -386 + r. Is s prime?
False
Let c = -118110 - -171959. Is c a prime number?
True
Let b = -161611 + 342678. Is b composite?
True
Suppose -4 = 3*f + 2, q - 4*f - 550 = 0. Let d = q + -16. Let n = d + -219. Is n prime?
True
Let h = 852 - 420. Suppose 5*q - h = 418. Let z = 793 - q. Is z prime?
False
Le